{"id":32,"date":"2020-04-14T11:15:51","date_gmt":"2020-04-14T11:15:51","guid":{"rendered":"http:\/\/marydesign.de\/?page_id=32"},"modified":"2020-04-14T19:36:25","modified_gmt":"2020-04-14T19:36:25","slug":"accessoirmaeppchen","status":"publish","type":"page","link":"https:\/\/marydesign.de\/?page_id=32","title":{"rendered":"Accessoirm\u00e4ppchen"},"content":{"rendered":"\t\t<div data-elementor-type=\"wp-page\" data-elementor-id=\"32\" class=\"elementor elementor-32\">\n\t\t\t\t\t\t<section class=\"elementor-section elementor-top-section elementor-element elementor-element-b5c98ea elementor-section-boxed elementor-section-height-default elementor-section-height-default\" data-id=\"b5c98ea\" data-element_type=\"section\">\n\t\t\t\t\t\t<div class=\"elementor-container elementor-column-gap-default\">\n\t\t\t\t\t<div class=\"elementor-column elementor-col-100 elementor-top-column elementor-element elementor-element-03d515a\" data-id=\"03d515a\" data-element_type=\"column\">\n\t\t\t<div class=\"elementor-widget-wrap elementor-element-populated\">\n\t\t\t\t\t\t<div class=\"elementor-element elementor-element-7489238 elementor-widget elementor-widget-text-editor\" data-id=\"7489238\" data-element_type=\"widget\" data-widget_type=\"text-editor.default\">\n\t\t\t\t<div class=\"elementor-widget-container\">\n\t\t\t\t\t\t\t\t\t<p><strong>Accessoirem\u00e4ppchen aus Kunstleder<\/strong><\/p><ul><li>Verwendungsbeispiele:<\/li><li>F\u00fcr Stifte<\/li><li>Als Kulturbeutel<\/li><li>F\u00fcr Medikamente<\/li><li>Als Sonnenbrillenetui<\/li><li>F\u00fcr Schmuck<\/li><li>Als Geschenkverpackung f\u00fcr Gutscheine<\/li><\/ul><p>Einfach f\u00fcr alles M\u00f6gliche<\/p><p>Ma\u00dfe : 22&#215;10 cm<br \/>Preis 8 \u20ac<\/p><div><strong><a href=\"http:\/\/marydesign.de\/?page_id=62\">Alle zur Verf\u00fcgung stehenden Farben k\u00f6nnen Sie hier einsehen!<\/a><\/strong><\/div><div><strong><a href=\"http:\/\/marydesign.de\/?page_id=66\">Sie m\u00f6chten bestellen? Schreiben Sie mir eine E-Mail!<\/a><\/strong><\/div>\t\t\t\t\t\t\t\t<\/div>\n\t\t\t\t<\/div>\n\t\t\t\t\t<\/div>\n\t\t<\/div>\n\t\t\t\t\t<\/div>\n\t\t<\/section>\n\t\t\t\t<section class=\"elementor-section elementor-top-section elementor-element elementor-element-7c24c43 elementor-section-boxed elementor-section-height-default elementor-section-height-default\" data-id=\"7c24c43\" data-element_type=\"section\">\n\t\t\t\t\t\t<div class=\"elementor-container elementor-column-gap-default\">\n\t\t\t\t\t<div class=\"elementor-column elementor-col-100 elementor-top-column elementor-element elementor-element-8be487f\" data-id=\"8be487f\" data-element_type=\"column\">\n\t\t\t<div class=\"elementor-widget-wrap elementor-element-populated\">\n\t\t\t\t\t\t<div class=\"elementor-element elementor-element-b1ca188 elementor-widget elementor-widget-image\" data-id=\"b1ca188\" data-element_type=\"widget\" data-widget_type=\"image.default\">\n\t\t\t\t<div class=\"elementor-widget-container\">\n\t\t\t\t\t\t\t\t\t\t\t\t\t\t\t<img fetchpriority=\"high\" decoding=\"async\" width=\"1024\" height=\"768\" src=\"https:\/\/marydesign.de\/wp-content\/uploads\/2020\/04\/Accessoire-m\u00e4ppchen-1024x768.jpg\" class=\"attachment-large size-large wp-image-173\" alt=\"\" srcset=\"https:\/\/marydesign.de\/wp-content\/uploads\/2020\/04\/Accessoire-m\u00e4ppchen-1024x768.jpg 1024w, https:\/\/marydesign.de\/wp-content\/uploads\/2020\/04\/Accessoire-m\u00e4ppchen-300x225.jpg 300w, https:\/\/marydesign.de\/wp-content\/uploads\/2020\/04\/Accessoire-m\u00e4ppchen-768x576.jpg 768w, https:\/\/marydesign.de\/wp-content\/uploads\/2020\/04\/Accessoire-m\u00e4ppchen-1536x1152.jpg 1536w, https:\/\/marydesign.de\/wp-content\/uploads\/2020\/04\/Accessoire-m\u00e4ppchen.jpg 1600w\" sizes=\"(max-width: 1024px) 100vw, 1024px\" \/>\t\t\t\t\t\t\t\t\t\t\t\t\t\t\t<\/div>\n\t\t\t\t<\/div>\n\t\t\t\t\t<\/div>\n\t\t<\/div>\n\t\t\t\t\t<\/div>\n\t\t<\/section>\n\t\t\t\t<\/div>\n\t\t","protected":false},"excerpt":{"rendered":"<p>Accessoirem\u00e4ppchen aus Kunstleder Verwendungsbeispiele: F\u00fcr Stifte Als Kulturbeutel F\u00fcr Medikamente Als Sonnenbrillenetui F\u00fcr Schmuck Als Geschenkverpackung f\u00fcr Gutscheine Einfach f\u00fcr alles M\u00f6gliche Ma\u00dfe : 22&#215;10 cm Preis 8 \u20ac Alle zur Verf\u00fcgung stehenden Farben k\u00f6nnen Sie hier einsehen!Sie m\u00f6chten bestellen? Schreiben Sie mir eine E-Mail!<\/p>\n","protected":false},"author":1,"featured_media":0,"parent":18,"menu_order":0,"comment_status":"closed","ping_status":"closed","template":"","meta":{"footnotes":""},"class_list":["post-32","page","type-page","status-publish","hentry","entry"],"_links":{"self":[{"href":"https:\/\/marydesign.de\/index.php?rest_route=\/wp\/v2\/pages\/32","targetHints":{"allow":["GET"]}}],"collection":[{"href":"https:\/\/marydesign.de\/index.php?rest_route=\/wp\/v2\/pages"}],"about":[{"href":"https:\/\/marydesign.de\/index.php?rest_route=\/wp\/v2\/types\/page"}],"author":[{"embeddable":true,"href":"https:\/\/marydesign.de\/index.php?rest_route=\/wp\/v2\/users\/1"}],"replies":[{"embeddable":true,"href":"https:\/\/marydesign.de\/index.php?rest_route=%2Fwp%2Fv2%2Fcomments&post=32"}],"version-history":[{"count":7,"href":"https:\/\/marydesign.de\/index.php?rest_route=\/wp\/v2\/pages\/32\/revisions"}],"predecessor-version":[{"id":268,"href":"https:\/\/marydesign.de\/index.php?rest_route=\/wp\/v2\/pages\/32\/revisions\/268"}],"up":[{"embeddable":true,"href":"https:\/\/marydesign.de\/index.php?rest_route=\/wp\/v2\/pages\/18"}],"wp:attachment":[{"href":"https:\/\/marydesign.de\/index.php?rest_route=%2Fwp%2Fv2%2Fmedia&parent=32"}],"curies":[{"name":"wp","href":"https:\/\/api.w.org\/{rel}","templated":true}]}}